e 64*c - 63*c - 92 = 0. What is the remainder when c is divided by 19?
16
Suppose 17 = 5*m + 2*d - d, 3*d = 2*m. Suppose z = 2*y + 22, m*y = -3 - 0. Calculate the remainder when 77 is divided by z.
17
Suppose -46*z + 42*z = -124. What is the remainder when z is divided by 16?
15
Calculate the remainder when 89 is divided by 2 + ((-3 + -9)*-1 - -1).
14
Let y = -72 - -76. What is the remainder when y is divided by 2?
0
Suppose -3*s = 7*u - 3*u + 70, 2*s + 47 = -3*u. Let a = -6 - s. What is the remainder when a is divided by 9?
7
Suppose -3*w - f = 2*f - 30, 3*w - 23 = 4*f. Let m be (-14)/35 + (-14)/(-10). What is the remainder when m/(-2) + w/2 is divided by 3?
1
Suppose 5*d - 46 + 476 = 0. Let m = d + 125. Calculate the remainder when m is divided by 10.
9
Let p = 27 + -16. Suppose -3*i = -22 - p. Calculate the remainder when 52 is divided by i.
8
Suppose 5*k - 102 = -12. What is the remainder when 52 is divided by k?
16
Let v(p) = p**2 - 2*p + 1. Let s be ((-4)/2)/((-8)/44). Suppose s - 3 = 2*q. What is the remainder when 24 is divided by v(q)?
6
Let q(i) = -4*i - 25. Calculate the remainder when (-2 - -3) + 26*1 is divided by q(-10).
12
What is the remainder when ((-104)/40)/(2/(-10)) is divided by 3?
1
Suppose -y + 32 = y. Let k be ((-6)/4)/(2/(-308)). Suppose 3*n - 139 = -0*h + h, -k = -5*n + 2*h. What is the remainder when n is divided by y?
15
Suppose 2*z - f = 25, 3*z - 18 = -0*z - 5*f. Suppose 4 - 5 = -a, 0 = -5*s + a + 9. Calculate the remainder when (-6)/s*64/(-6) is divided by z.
10
Let p(v) = 7*v**3 - 2*v**2 + 2*v - 1. Let n be p(1). Suppose -4*c + 30 - n = 0. What is the remainder when c is divided by 2?
0
Let u be 1/(-4) - (-198)/(-8). Let b = 38 + u. Calculate the remainder when 51 is divided by b.
12
Suppose -u + 2*u = 21. Suppose -b - 16 = -0*b + 4*q, 5*b = -3*q - 46. Let x(n) = -2*n - 5. What is the remainder when u is divided by x(b)?
10
Let b(p) = 3*p**3 + 2*p**2 - 4*p + 3. Let s be 2 - (3 + -1 + -2). Calculate the remainder when 79 is divided by b(s).
25
Let c = -7 + 83. Let n = c + -33. What is the remainder when n is divided by 22?
21
Let q be (0 - 2)/((-4)/82). What is the remainder when q + 6/(1 + 1) is divided by 12?
8
Let x = 22 - 5. Suppose 2*h - 56 = 10. What is the remainder when h is divided by x?
16
Let v be 135/7 + 8/(-28). Let a = v + 8. Calculate the remainder when a is divided by 14.
13
Let r(c) be the first derivative of -c**4/4 - 2*c**3 - 4*c**2 - 4*c - 2. Calculate the remainder when 43 is divided by r(-5).
10
Let u(q) = -q**3 + 4*q**2 - 3*q + 2. Suppose 4*d + 19 = -4*k - k, 0 = 5*k - 5*d + 10. Let t = k - -9. What is the remainder when t is divided by u(2)?
2
Let q(t) = 3*t**2 - 4*t + 4. Suppose 0 = 2*g - 3*w - 72, g + 5*w - 72 = -g. Calculate the remainder when g is divided by q(3).
17
Suppose 2*b - 6 - 16 = 0. Suppose 3*v = 7 + b. Suppose 5*u + 5 = -2*k, -2*k + 4*k + u = 15. Calculate the remainder when k is divided by v.
4
Let j(u) = 14*u - 31. What is the remainder when j(9) is divided by 16?
15
Let u = -56 - -73. What is the remainder when 64 is divided by u?
13
Let a = 84 - 53. Let m(r) = r**3 - r**2. Let o(k) = 5*k**3 - 7*k**2 + 2*k - 3. Let v(z) = 6*m(z) - o(z). Calculate the remainder when a is divided by v(2).
9
Suppose 136 = 2*j + 6*j. Calculate the remainder when 101 is divided by j.
16
Let j(r) = r**3 - 4*r**2 - 1 + r - 1 + 2*r. Let i be j(4). Suppose -60 + i = -5*f. Calculate the remainder when 19 is divided by f.
9
Let p = 232 + -96. Let h = 35 - 31. Suppose h*r = 4*q - p, 3*q + 4*r - 130 = -0*r. Calculate the remainder when q is divided by 13.
12
Let d(g) = -3*g**2 + 2*g. Let f be d(-6). Let a = 187 + f. Calculate the remainder when a is divided by 23.
21
Let j = 25 + -20. Calculate the remainder when (154/(-55))/((-1)/j) is divided by 4.
2
Suppose -y - 2*k = -37, 4*y - k - 103 = -0*k. Calculate the remainder when y is divided by 10.
7
Let m(s) be the first derivative of s**4/4 - 2*s**3 + s**2/2 + 6*s - 2. Let d = 19 + 4. What is the remainder when d is divided by m(6)?
11
Suppose -18 = x - 4*x. What is the remainder when 14 is divided by x?
2
Let q(p) = 8*p - 24. Suppose -2*w + 34 = -0*w. What is the remainder when q(7) is divided by w?
15
Let o(n) = -n**2 - 7*n - 5. Let c be o(-4). Let u = c - -1. Calculate the remainder when 23 is divided by u.
7
Suppose -2*z + z = 4*a + 15, -4*a = 20. Suppose 0 = -0*s + z*s - 55. Calculate the remainder when ((-42)/(-2))/(3 + -2) is divided by s.
10
Let u = -4 + -2. Let g(m) = -m + 2. What is the remainder when 21 is divided by g(u)?
5
Suppose -3*p = -4*r + 60, -6*r + 5*p + 15 = -5*r. Calculate the remainder when 163 is divided by r.
13
Let v(i) = 2*i**2 + 49. Calculate the remainder when v(0) is divided by 10.
9
What is the remainder when (((-7)/(-2))/7)/((-2)/(-244)) is divided by 21?
19
Suppose 3*j - 4*j = -15. Let f = -16 - -8. Let o = 0 - f. What is the remainder when j is divided by o?
7
Suppose 0*p - 22 = -2*p. Let k(r) = -r**3 - 6*r**2 + r. What is the remainder when k(-7) is divided by p?
9
Let g(d) be the second derivative of -d**4/12 - 13*d**3/6 - 5*d**2 + 5*d. What is the remainder when g(-10) is divided by 11?
9
Let h(m) = m**2 - 2*m. Let s = -2 - -8. Calculate the remainder when h(4) is divided by s.
2
What is the remainder when 220/6 + (-2)/3 is divided by 1 - (-16 + -3*(-2)/(-3))?
17
Let q(l) = -l**2 + 14*l - 7. Let u be q(6). Suppose 3*s = u - 2. Let t = -1 + 6. Calculate the remainder when s is divided by t.
3
Suppose -2*z - 4 = 4, -5*w = -z - 134. Calculate the remainder when w is divided by 9.
8
Let x(g) = -3*g + 2. Calculate the remainder when 43 is divided by x(-3).
10
Let w(n) = 4*n**3 - 2*n**2 - 2*n. Calculate the remainder when w(2) is divided by 6 + 0 + 0 - -1.
6
Let n = 74 - -1. What is the remainder when n is divided by 39?
36
Suppose 0 = 7*j - 1304 + 9. Calculate the remainder when j is divided by 31.
30
Let i(j) = -j + 8. Let k be i(6). Suppose 21 = g + k*g. Calculate the remainder when 12 is divided by g.
5
Let h(i) = 2*i + 1. Let c = -18 - -24. Suppose -5*j = -2*w + c*w - 61, -19 = -w - 5*j. Calculate the remainder when w is divided by h(2).
4
Suppose 0 = -k + 2*k - 33. What is the remainder when k is divided by 9?
6
Suppose -5*s - 5*r + 60 = -2*s, -s + r + 28 = 0. What is the remainder when 98 is divided by s?
23
Suppose -2*v = v + 21. Suppose -3*p + 3*d + 123 - 15 = 0, 0 = -3*d - 3. What is the remainder when p is divided by 0 + v/(7/(-12))?
11
Suppose -k - k + 2 = 0. Calculate the remainder when 2 is divided by k.
0
Suppose -2*w - w + t = -110, 4*t - 206 = -5*w. Calculate the remainder when 72 is divided by w.
34
Let f(z) = -z**3 + 15*z**2 - 12*z - 20. What is the remainder when 2/1*(-39)/(-6) is divided by f(14)?
5
Let l(y) = y**3 + 12*y**2 - 15*y - 5. Let p be l(-13). Let u = p - -19. Calculate the remainder when u is divided by 14.
12
Suppose 3*n = -n + 28. Suppose 3*r - r - 8 = 0. Suppose 0 = 2*v - 36 - r. Calculate the remainder when v is divided by n.
6
Let g = 2 + 56. Let r = -2 + g. Let y = 17 - -2. What is the remainder when r is divided by y?
18
Suppose -6*b = -b. Let k = b + 11. Let p(f) = f**2 + 5*f + 4. What is the remainder when k is divided by p(-5)?
3
Suppose -3*j = -c - c + 11, -4*j - 7 = 5*c. Let w(a) = 8*a + 2. Calculate the remainder when w(c) is divided by 3.
1
Suppose 3*h + q = -q - 3, 0 = 4*h - 4*q + 4. Let j be 3 - (h + 0 + 0). Let r = j - -6. Calculate the remainder when r is divided by 4.
2
Suppose -5*m = 3*h - 27, 5*m - 9 - 10 = -h. Calculate the remainder when 3 is divided by m.
0
Calculate the remainder when 30 is divided by 63/4 - 4/(-16).
14
Suppose 4*a + 5*c - 37 = 0, -c + 17 = 2*a + 2*a. Suppose -214 + 70 = -a*i. Calculate the remainder when i is divided by 17.
14
Suppose 0 = -0*p + 3*p - 2*g + 2, 2*g = 4*p. Suppose a = p*a - 20. Let c = 1 - -10. What is the remainder when a is divided by c?
9
Let m(p) = -p. Calculate the remainder when 16 is divided by m(-9).
7
Let g = -6 - -8. Suppose 2*x - 3*c - 30 + 3 = 0, 0 = 5*x + 4*c - 56. Suppose -g*a + x = -6. Calculate the remainder when 16 is divided by a.
7
Let k = -11 - -17. Suppose 4*q - 18 = -2. Calculate the remainder when k is divided by q.
2
Let r = -26 - -16. Suppose 0 = 3*f - 2*f - 29. Calculate the remainder when f is divided 